factors of 9652253?
13, 31, 43, 557
List the prime factors of 563138.
2, 271, 1039
List the prime factors of 528048.
2, 3, 19, 193
List the prime factors of 5926506.
2, 3, 17, 97, 599
What are the prime factors of 120054?
2, 3, 11, 17, 107
List the prime factors of 238673.
238673
List the prime factors of 192292.
2, 48073
List the prime factors of 3350144.
2, 7, 3739
List the prime factors of 2786713.
97, 28729
What are the prime factors of 6707448?
2, 3, 11, 941
List the prime factors of 861913.
13, 66301
List the prime factors of 766161.
3, 11, 71, 109
List the prime factors of 1162302.
2, 3, 307, 631
What are the prime factors of 16453519?
89, 199, 929
List the prime factors of 4416009.
3, 13, 199, 569
What are the prime factors of 9980595?
3, 5, 257, 863
List the prime factors of 347554.
2, 173777
List the prime factors of 738045.
3, 5, 7, 11, 71
What are the prime factors of 8950282?
2, 11, 257, 1583
What are the prime factors of 612273?
3, 409, 499
What are the prime factors of 473690?
2, 5, 7, 67, 101
What are the prime factors of 353240?
2, 5, 8831
List the prime factors of 688181.
13, 52937
List the prime factors of 9054393.
3, 19, 158849
List the prime factors of 25789787.
29, 79, 11257
List the prime factors of 1226654.
2, 11, 13, 4289
List the prime factors of 148031.
13, 59, 193
List the prime factors of 442579.
442579
List the prime factors of 17779206.
2, 3, 2963201
List the prime factors of 10041962.
2, 7, 43, 2383
What are the prime factors of 7921510?
2, 5, 792151
What are the prime factors of 5598880?
2, 5, 7, 4999
What are the prime factors of 20092958?
2, 73, 137623
What are the prime factors of 1042520?
2, 5, 67, 389
List the prime factors of 2291850.
2, 3, 5, 11, 463
List the prime factors of 3252323.
557, 5839
List the prime factors of 14441850.
2, 3, 5, 67, 479
List the prime factors of 17483499.
3, 11, 37, 43
What are the prime factors of 8187256?
2, 7, 11, 13291
What are the prime factors of 1911866?
2, 11, 43, 47
What are the prime factors of 12297783?
3, 17, 59, 61, 67
What are the prime factors of 6931191?
3, 613, 3769
List the prime factors of 3809120.
2, 5, 7, 19, 179
What are the prime factors of 41174405?
5, 79, 104239
What are the prime factors of 2227670?
2, 5, 89, 2503
List the prime factors of 595038.
2, 3, 99173
List the prime factors of 7952217.
3, 7, 13, 29129
List the prime factors of 285721.
285721
What are the prime factors of 5056101?
3, 20807
What are the prime factors of 886941?
3, 11, 17, 31
What are the prime factors of 7464?
2, 3, 311
List the prime factors of 621347.
621347
What are the prime factors of 60063?
3, 20021
List the prime factors of 99303.
3, 79, 419
What are the prime factors of 2494626?
2, 3, 23, 18077
List the prime factors of 194608.
2, 12163
What are the prime factors of 531842?
2, 265921
What are the prime factors of 540933?
3, 180311
List the prime factors of 2334694.
2, 1167347
List the prime factors of 4693880.
2, 5, 43, 2729
What are the prime factors of 707474?
2, 353737
List the prime factors of 6660840.
2, 3, 5, 47, 1181
List the prime factors of 4827493.
11, 23, 19081
What are the prime factors of 1117169?
1117169
List the prime factors of 2651687.
2651687
List the prime factors of 2089710.
2, 3, 5, 7, 31, 107
What are the prime factors of 6968994?
2, 3, 1161499
List the prime factors of 5190.
2, 3, 5, 173
List the prime factors of 1664560.
2, 5, 20807
List the prime factors of 4258006.
2, 2129003
List the prime factors of 171730.
2, 5, 13, 1321
List the prime factors of 416975.
5, 13, 1283
List the prime factors of 441548.
2, 167, 661
List the prime factors of 3581492.
2, 17, 31, 1699
List the prime factors of 123431.
7, 11, 229
List the prime factors of 7010123.
31, 226133
List the prime factors of 390363.
3, 130121
List the prime factors of 2180862.
2, 3, 17, 7127
What are the prime factors of 8238?
2, 3, 1373
List the prime factors of 7582463.
7, 19, 47, 1213
List the prime factors of 2407925.
5, 13, 31, 239
What are the prime factors of 228952?
2, 28619
List the prime factors of 14733487.
3637, 4051
List the prime factors of 2782940.
2, 5, 347, 401
List the prime factors of 112322.
2, 7, 71, 113
List the prime factors of 4385098.
2, 2192549
What are the prime factors of 4968060?
2, 3, 5, 31, 2671
List the prime factors of 3176064.
2, 3, 919
List the prime factors of 161529.
3, 23, 2341
List the prime factors of 2356966.
2, 1178483
What are the prime factors of 16141762?
2, 7, 13, 31, 2861
List the prime factors of 8682944.
2, 135671
List the prime factors of 148305.
3, 5, 9887
What are the prime factors of 103089?
3, 7, 4909
List the prime factors of 2916372.
2, 3, 243031
List the prime factors of 262626.
2, 3, 7, 13, 37
List the prime factors of 839597.
11, 127, 601
List the prime factors of 4148905.
5, 149, 5569
List the prime factors of 1958274.
2, 3, 108793
What are the prime factors of 14298327?
3, 83, 19141
What are the prime factors of 11623265?
5, 2324653
List the prime factors of 66399.
3, 22133
List the prime factors of 4411852.
2, 1102963
List the prime factors of 163494.
2, 3, 31, 293
List the prime factors of 2753700.
2, 3, 5, 67, 137
List the prime factors of 328864.
2, 43, 239
List the prime factors of 4490404.
2, 43, 26107
What are the prime factors of 1041559?
1041559
What are the prime factors of 3844606?
2, 659, 2917
What are the prime factors of 2404284?
2, 3, 200357
What are the prime factors of 28323?
3, 1049
List the prime factors of 1603590.
2, 3, 5, 53453
List the prime factors of 8302811.
11, 71, 10631
List the prime factors of 638284.
2, 159571
What are the prime factors of 687782?
2, 343891
List the prime factors of 386950.
2, 5, 71, 109
What are the prime factors of 323083?
323083
List the prime factors of 2733040.
2, 5, 127, 269
What are the prime factors of 477210?
2, 3, 5, 15907
List the prime factors of 251237.
7, 19, 1889
List the prime factors of 6512402.
2, 13, 19, 13183
What are the prime factors of 1302223?
13, 109, 919
What are the prime factors of 584051?
13, 44927
List the prime factors of 1285155.
3, 5, 28559
What are the prime factors of 1701197?
67, 25391
What are the prime factors of 6580628?
2, 1645157
List the prime factors of 548075.
5, 11, 1993
What are the prime factors of 3653046?
2, 3, 61, 1109
What are the prime factors of 7463585?
5, 29, 51473
What are the prime factors of 2485150?
2, 5, 23, 2161
What are the prime factors of 7224332?
2, 19, 5003
List the prime factors of 16384684.
2, 4096171
What are the prime factors of 1389128?
2, 13, 19, 37
List the prime factors of 190666.
2, 7, 13619
List the prime factors of 801268.
2, 13, 19, 811
List the prime factors of 12604922.
2, 11, 17, 33703
What are the prime factors of 1264683?
3, 7, 60223
What are the prime factors of 195897?
3, 13, 5023
What are the prime factors of 657567?
3, 73063
List the prime factors of 763850.
2, 5, 15277
List the prime factors of 3839850.
2, 3, 5, 7, 23, 53
List the prime factors of 4768203.
3, 11, 31, 59, 79
List the prime factors of 435882.
2, 3, 72647
List the prime factors of 68852.
2, 7, 2459
List the prime factors of 501622.
2, 11, 151
What are the prime factors of 9516429?
3, 13, 163, 499
What are the prime factors of 563802?
2, 3, 93967
What are the prime factors of 118636?
2, 7, 19, 223
List the prime factors of 3666624.
2, 3, 13, 113
What are the prime factors of 3939358?
2, 227, 8677
What are the prime factors of 239972?
2, 17, 3529
What are the prime factors of 85986?
2, 3, 17, 281
What are the prime factors of 9010?
2, 5, 17, 53
What are the prime factors of 6319618?
2, 23, 137383
List the prime factors of 4869571.
7, 14197
What are the prime factors of 264709?
31, 8539
What are the prime factors of 1086497?
23, 97, 487
What are the prime factors of 489532?
2, 17, 23, 313
What are the prime factors of 1477030?
2, 5, 147703
What are the prime factors of 1956052?
2, 7, 69859
List the prime factors of 569057.
569057
What are the prime factors of 7678937?
7, 67, 2339
What are the prime factors of 156091?
13, 12007
What are the prime factors of 10843646?
2, 11, 492893
What are the prime factors of 5217509?
11, 474319
What are the prime factors of 3339814?
2, 29, 89, 647
List the prime factors of 632.
2, 79
List the prime 